{"id":80,"date":"2018-12-16T19:00:16","date_gmt":"2018-12-16T19:00:16","guid":{"rendered":"http:\/\/arztpraxis-bleicher.de\/?page_id=80"},"modified":"2018-12-18T19:27:39","modified_gmt":"2018-12-18T19:27:39","slug":"botulinumtoxin","status":"publish","type":"page","link":"http:\/\/arztpraxis-bleicher.de\/?page_id=80","title":{"rendered":"Botulinumtoxin"},"content":{"rendered":"<div class=\"su-spoiler su-spoiler-style-default su-spoiler-icon-plus su-spoiler-closed\" data-scroll-offset=\"0\" data-anchor-in-url=\"no\"><div class=\"su-spoiler-title\" tabindex=\"0\" role=\"button\"><span class=\"su-spoiler-icon\"><\/span>Was ist Botox oder Botulinumtoxin?<\/div><div class=\"su-spoiler-content su-u-clearfix su-u-trim\">Botulinumtoxin oder kurz Botox ist ein in der Natur vom Bakterium Clostridium Botulinum gebildetes Eiwei\u00df. Heutzutage wird das Medikament f\u00fcr klinische Anwendungen gentechnologisch gewonnen. Die Herstellung unterliegt strengsten medizinischen Kontrollen. Seit 1993 ist Botulinum in Deutschland f\u00fcr die medizinischen Anwendung z.B. bei neurologischen Bewegungsst\u00f6rungen, Migr\u00e4ne oder einer \u00fcberaktive Blase zugelassen. Auch vermehrtes Schwitzen kann erfolgreich behandelt werden.<br \/>\nSeit 2006 ist Botulinum in Deutschland zur Faltenbehandlung zugelassen. Das Medikament wird zur Faltenbehandlung stark verd\u00fcnnt und in sehr geringer Dosierung verwendet.<br \/>\n<\/div><\/div>\n\n\n<div class=\"su-spoiler su-spoiler-style-default su-spoiler-icon-plus su-spoiler-closed\" data-scroll-offset=\"0\" data-anchor-in-url=\"no\"><div class=\"su-spoiler-title\" tabindex=\"0\" role=\"button\"><span class=\"su-spoiler-icon\"><\/span>Wie wirkt Botulinumtoxin?<\/div><div class=\"su-spoiler-content su-u-clearfix su-u-trim\">\nBotulinumtoxin blockiert im K\u00f6rper die Freisetzung eines Botenstoffes, der f\u00fcr die Muskelkontraktion verantwortlich ist. Dadurch kommt es zu einer dosisabh\u00e4ngigen Muskelentspannung.<br \/>\nMit Botulinum k\u00f6nnen besonders gut Mimikfalten behandelt werden. Durch Injektion in die \u00fcberaktive Muskulatur entspannt das Medikament verkrampfte Muskeln und gl\u00e4ttet damit zugleich die dadurch bedingten Falten.  Bei fachgerechter Anwendung bleibt der nat\u00fcrliche Gesichtsausdruck erhalten. Die Wirkung von gezielt eingebrachtem und korrekt dosiertem Botulinum entfaltet sich lokal und entspannt dadurch lediglich die behandelten, faltenverursachenden Muskeln.<br \/>\n<\/div><\/div>\n\n\n<div class=\"su-spoiler su-spoiler-style-default su-spoiler-icon-plus su-spoiler-closed\" data-scroll-offset=\"0\" data-anchor-in-url=\"no\"><div class=\"su-spoiler-title\" tabindex=\"0\" role=\"button\"><span class=\"su-spoiler-icon\"><\/span>F\u00fcr welche Falten eignet sich Botulinumtoxin?<\/div><div class=\"su-spoiler-content su-u-clearfix su-u-trim\">\nMit Botulinum k\u00f6nnen besonders gut mimische Falten behandelt werden. Dies sind Falten, die durch h\u00e4ufigen, meist unbewussten Muskelzug entstehen wie z.B. Stirnfalten oder Zornesfalten. Auch Lachfalten sogenannte \u201eKr\u00e4henf\u00fc\u00dfe\u201c k\u00f6nnen gut behandelt werden. Die klassischen Anwendungsgebiete sind Falten im Bereich des oberen Gesichtsdrittels.<br \/>\nAuch st\u00f6rende Falten seitlich des Nasenr\u00fcckens sogenannte \u201ebunny lines\u201c oder kopfsteinplasterartige Gr\u00fcbchen am Kinn lassen sich damit gl\u00e4tten. Stark hervortretente Muskelstr\u00e4nge am Hals k\u00f6nnten ebenfalls behandelt werden.<br \/>\n<\/div><\/div>\n\n\n<div class=\"su-spoiler su-spoiler-style-default su-spoiler-icon-plus su-spoiler-closed\" data-scroll-offset=\"0\" data-anchor-in-url=\"no\"><div class=\"su-spoiler-title\" tabindex=\"0\" role=\"button\"><span class=\"su-spoiler-icon\"><\/span>Wie erfolgt die Behandlung mit Botulinumtoxin?<\/div><div class=\"su-spoiler-content su-u-clearfix su-u-trim\">\nVor der Behandlung werden gemeinsam die entsprechende Region sowie die St\u00e4rke der Behandlung festgelegt und angezeichnet. Im Anschluss wird das Make-Up entfernt und die Haut gr\u00fcndlich desinfiziert. Der Wirkstoff Botulinum wird nun mit sehr d\u00fcnnen Nadeln und genau dosierten Spritzen in die entsprechende Muskulatur eingebracht. Eine \u00f6rtliche Bet\u00e4ubung ist in der Regel nicht erforderlich. Mehr als ein Nadelstich ist dabei nicht zu sp\u00fcren.<br \/>\n<\/div><\/div>\n\n\n<div class=\"su-spoiler su-spoiler-style-default su-spoiler-icon-plus su-spoiler-closed\" data-scroll-offset=\"0\" data-anchor-in-url=\"no\"><div class=\"su-spoiler-title\" tabindex=\"0\" role=\"button\"><span class=\"su-spoiler-icon\"><\/span>Wann tritt die Wirkung nach der Injektion ein?<\/div><div class=\"su-spoiler-content su-u-clearfix su-u-trim\">\nDie Dauer bis zum Wirkeintritt h\u00e4ngt von verschiedenen individuellen Faktoren ab. Grob kann von einem Wirkeintritt ca. 5-7 Tagen nach der Injektion ausgegangen werden.<br \/>\nDer K\u00f6rper beginnt das eingebrachte Botulinumtoxin in den n\u00e4chsten 3\u20136 Monaten wieder abzubauen. Nach dieser Zeit ist der Ausgangsbefund wieder hergestellt, es bleiben keine dauerhaften Ver\u00e4nderungen.<br \/>\n<\/div><\/div>\n\n\n<div class=\"su-spoiler su-spoiler-style-default su-spoiler-icon-plus su-spoiler-closed\" data-scroll-offset=\"0\" data-anchor-in-url=\"no\"><div class=\"su-spoiler-title\" tabindex=\"0\" role=\"button\"><span class=\"su-spoiler-icon\"><\/span>Wie lange h\u00e4lt die Wirkung an?<\/div><div class=\"su-spoiler-content su-u-clearfix su-u-trim\">\nDie Dauer der Wirkung von Botulinumtoxin h\u00e4ngt von individuellen Faktoren ab. In der Regel h\u00e4lt die Wirkung 3-6 Monate. In Einzelf\u00e4llen bleibt die Wirkung bis zu 12 Monate erhalten. Entsprechend lange h\u00e4lt auch das faltengl\u00e4ttende Resultat der Injektion an. Die Behandlung kann dann auf Wunsch gerne wiederholt werden.<br \/>\n<\/div><\/div>\n\n\n<div class=\"su-spoiler su-spoiler-style-default su-spoiler-icon-plus su-spoiler-closed\" data-scroll-offset=\"0\" data-anchor-in-url=\"no\"><div class=\"su-spoiler-title\" tabindex=\"0\" role=\"button\"><span class=\"su-spoiler-icon\"><\/span>Was muss ich nach der Injektion beachten?<\/div><div class=\"su-spoiler-content su-u-clearfix su-u-trim\">\nAm Tag der Injektion, am besten f\u00fcr 48 Stunden, sollte auf Sport, Sauna oder direkte oder indirekte UV-Strahlung verzichtet werden. Kosmetische Behandlungen oder eine Massage des behandelten Gewebes sollte ebenfalls unterlassen werden. Das Auftragen von Make-Up ist wenige Stunden nach der Behandlung wieder m\u00f6glich.<br \/>\n<\/div><\/div>\n\n\n<div class=\"su-spoiler su-spoiler-style-default su-spoiler-icon-plus su-spoiler-closed\" data-scroll-offset=\"0\" data-anchor-in-url=\"no\"><div class=\"su-spoiler-title\" tabindex=\"0\" role=\"button\"><span class=\"su-spoiler-icon\"><\/span>Wirkt mein Gesicht nach der Behandlung maskenhaft?<\/div><div class=\"su-spoiler-content su-u-clearfix su-u-trim\">\nDie Bef\u00fcrchtung eines maskenhaften Erscheinungsbilds ist unbegr\u00fcndet, da durch vorsichtige Dosierung nur ein kleiner Teil der Muskulatur gehemmt wird. Das Gesicht und die Mimik wirken dadurch oft freundlicher und entspannter. Die Erhaltung eines nat\u00fcrlichen Erscheinungsbildes ist uns wichtig. Deshalb wird im Vorfeld genau besprochen wieviel und wo injiziert werden soll.<br \/>\n<\/div><\/div>\n\n\n<div class=\"su-spoiler su-spoiler-style-default su-spoiler-icon-plus su-spoiler-closed\" data-scroll-offset=\"0\" data-anchor-in-url=\"no\"><div class=\"su-spoiler-title\" tabindex=\"0\" role=\"button\"><span class=\"su-spoiler-icon\"><\/span>Welche Nebenwirkungen k\u00f6nnen auftreten?<\/div><div class=\"su-spoiler-content su-u-clearfix su-u-trim\">\nWie bei allen Injektionsbehandlungen k\u00f6nnen durch die Einstiche kleine R\u00f6tungen und blaue Flecken auftreten. Sehr selten kann es zu einer lokalen Infektion an der Einstichstelle kommen, deshalb wird vor Behandlung gr\u00fcndlich desinfiziert. Weitere unerw\u00fcnschte Effekte k\u00f6nnen auf einer zu schwachen oder zu starken Wirkung am Zielmuskel beruhen. Bei Bedarf kann innerhalb der ersten 2 Wochen nach Behandlung noch nachgespritzt werden um das gew\u00fcnschte Ergebnis zu erreichen. Durch ein unerw\u00fcnschtes Einbringen von Botulinumtoxin in einen benachbarten Muskel kann eine vor\u00fcbergehende L\u00e4hmung des Nachbarmuskels auftreten. Um dies zu verhindern, ist es wichtig im Vorfeld genau die Injektionspunkte festzulegen. Ein zu starker Effekt oder ein unerw\u00fcnschtes Ansprechen von Nachbarmuskeln kann ca. 4-6 Wochen anhalten und ist von alleine r\u00fcckg\u00e4ngig. Eine dauerhafte Ver\u00e4nderung ist nicht zu erwarten.<br \/>\n<\/div><\/div>\n","protected":false},"excerpt":{"rendered":"","protected":false},"author":1,"featured_media":0,"parent":62,"menu_order":1,"comment_status":"closed","ping_status":"closed","template":"","meta":{"footnotes":""},"class_list":["post-80","page","type-page","status-publish","hentry"],"_links":{"self":[{"href":"http:\/\/arztpraxis-bleicher.de\/index.php?rest_route=\/wp\/v2\/pages\/80","targetHints":{"allow":["GET"]}}],"collection":[{"href":"http:\/\/arztpraxis-bleicher.de\/index.php?rest_route=\/wp\/v2\/pages"}],"about":[{"href":"http:\/\/arztpraxis-bleicher.de\/index.php?rest_route=\/wp\/v2\/types\/page"}],"author":[{"embeddable":true,"href":"http:\/\/arztpraxis-bleicher.de\/index.php?rest_route=\/wp\/v2\/users\/1"}],"replies":[{"embeddable":true,"href":"http:\/\/arztpraxis-bleicher.de\/index.php?rest_route=%2Fwp%2Fv2%2Fcomments&post=80"}],"version-history":[{"count":6,"href":"http:\/\/arztpraxis-bleicher.de\/index.php?rest_route=\/wp\/v2\/pages\/80\/revisions"}],"predecessor-version":[{"id":198,"href":"http:\/\/arztpraxis-bleicher.de\/index.php?rest_route=\/wp\/v2\/pages\/80\/revisions\/198"}],"up":[{"embeddable":true,"href":"http:\/\/arztpraxis-bleicher.de\/index.php?rest_route=\/wp\/v2\/pages\/62"}],"wp:attachment":[{"href":"http:\/\/arztpraxis-bleicher.de\/index.php?rest_route=%2Fwp%2Fv2%2Fmedia&parent=80"}],"curies":[{"name":"wp","href":"https:\/\/api.w.org\/{rel}","templated":true}]}}